housands digit of 922791?
2
What is the tens digit of 1410523?
2
What is the ten thousands digit of 11802921?
0
What is the units digit of 487445?
5
What is the ten thousands digit of 5278550?
7
What is the thousands digit of 40324?
0
What is the ten thousands digit of 365526?
6
What is the ten thousands digit of 12183599?
8
What is the hundreds digit of 1966?
9
What is the tens digit of 29303?
0
What is the thousands digit of 553647?
3
What is the thousands digit of 12973367?
3
What is the thousands digit of 5175861?
5
What is the hundreds digit of 27731?
7
What is the thousands digit of 2596164?
6
What is the millions digit of 4321965?
4
What is the units digit of 92424?
4
What is the units digit of 13311915?
5
What is the hundreds digit of 2810155?
1
What is the ten thousands digit of 420975?
2
What is the ten thousands digit of 440295?
4
What is the millions digit of 3805541?
3
What is the hundred thousands digit of 787526?
7
What is the units digit of 176948?
8
What is the tens digit of 630161?
6
What is the ten thousands digit of 923410?
2
What is the ten millions digit of 24899772?
2
What is the units digit of 780175?
5
What is the ten thousands digit of 15216821?
1
What is the millions digit of 1171038?
1
What is the units digit of 34032?
2
What is the ten thousands digit of 1548889?
4
What is the units digit of 23377918?
8
What is the tens digit of 860103?
0
What is the hundreds digit of 153400?
4
What is the units digit of 1174697?
7
What is the tens digit of 988913?
1
What is the tens digit of 667833?
3
What is the ten thousands digit of 890558?
9
What is the units digit of 131634?
4
What is the thousands digit of 19518178?
8
What is the hundred thousands digit of 10605137?
6
What is the hundred thousands digit of 2287412?
2
What is the thousands digit of 1641078?
1
What is the tens digit of 37213101?
0
What is the units digit of 4135808?
8
What is the hundred thousands digit of 15387785?
3
What is the units digit of 21964248?
8
What is the thousands digit of 15143204?
3
What is the ten thousands digit of 21035382?
3
What is the units digit of 183504?
4
What is the hundreds digit of 2187295?
2
What is the hundred thousands digit of 395173?
3
What is the hundreds digit of 557365?
3
What is the hundreds digit of 3213742?
7
What is the hundred thousands digit of 2707621?
7
What is the ten thousands digit of 401400?
0
What is the hundreds digit of 554024?
0
What is the hundreds digit of 204785?
7
What is the tens digit of 32113825?
2
What is the tens digit of 287573?
7
What is the units digit of 2107130?
0
What is the ten thousands digit of 16701468?
0
What is the thousands digit of 21001268?
1
What is the millions digit of 4449290?
4
What is the thousands digit of 189328?
9
What is the millions digit of 9031632?
9
What is the thousands digit of 21622?
1
What is the ten thousands digit of 1559900?
5
What is the millions digit of 1365940?
1
What is the units digit of 947287?
7
What is the ten thousands digit of 110133?
1
What is the hundred thousands digit of 1633333?
6
What is the ten thousands digit of 224065?
2
What is the ten thousands digit of 120095?
2
What is the hundred thousands digit of 210441?
2
What is the hundreds digit of 24350329?
3
What is the units digit of 1879512?
2
What is the hundred thousands digit of 584965?
5
What is the thousands digit of 2226228?
6
What is the ten thousands digit of 70617?
7
What is the thousands digit of 2900610?
0
What is the hundreds digit of 906312?
3
What is the ten thousands digit of 198514?
9
What is the thousands digit of 1163021?
3
What is the thousands digit of 35987072?
7
What is the hundred thousands digit of 108762?
1
What is the ten thousands digit of 267813?
6
What is the tens digit of 20022?
2
What is the tens digit of 262716?
1
What is the ten thousands digit of 577309?
7
What is the thousands digit of 6674071?
4
What is the thousands digit of 2521470?
1
What is the hundreds digit of 1894183?
1
What is the ten thousands digit of 2200186?
0
What is the hundreds digit of 8762277?
2
What is the hundreds digit of 6863443?
4
What is the tens digit of 413230?
3
What is the units digit of 23682?
2
What is the units digit of 3388309?
9
What is the ten thousands digit of 5099943?
9
What is the tens digit of 761448?
4
What is the units digit of 29580672?
2
What is the hundred thousands digit of 10057744?
0
What is the units digit of 1552899?
9
What is the hundreds digit of 461209?
2
What is the tens digit of 876891?
9
What is the hundreds digit of 189038?
0
What is the units digit of 6070931?
1
What is the ten thousands digit of 2090278?
9
What is the hundreds digit of 995835?
8
What is the units digit of 153915?
5
What is the thousands digit of 113945?
3
What is the hundreds digit of 547544?
5
What is the hundred thousands digit of 8551094?
5
What is the ten thousands digit of 50105?
5
What is the units digit of 4569214?
4
What is the tens digit of 4784701?
0
What is the millions digit of 1334515?
1
What is the hundreds digit of 647028?
0
What is the hundreds digit of 662298?
2
What is the ten thousands digit of 1220710?
2
What is the hundred thousands digit of 4692202?
6
What is the ten thousands digit of 2430948?
3
What is the units digit of 42856?
6
What is the ten thousands digit of 313098?
1
What is the units digit of 191293?
3
What is the tens digit of 779443?
4
What is the hundreds digit of 238027?
0
What is the tens digit of 2032460?
6
What is the tens digit of 17625893?
9
What is the units digit of 213326?
6
What is the tens digit of 2656796?
9
What is the hundreds digit of 806412?
4
What is the units digit of 62928?
8
What is the millions digit of 8921470?
8
What is the tens digit of 1598?
9
What is the units digit of 15996812?
2
What is the thousands digit of 89581?
9
What is the hundreds digit of 1683234?
2
What is the tens digit of 6267519?
1
What is the units digit of 316999?
9
What is the units digit of 58638?
8
What is the hundreds digit of 812577?
5
What is the hundred thousands digit of 338127?
3
What is the millions digit of 2251975?
2
What is the hundreds digit of 8413938?
9
What is the thousands digit of 195530?
5
What is the units digit of 7979283?
3
What is the ten thousands digit of 75815?
7
What is the tens digit of 42690?
9
What is the tens digit of 37697?
9
What is the hundred thousands digit of 2045113?
0
What is the ten thousands digit of 765419?
6
What is the tens digit of 10505690?
9
What is the ten thousands digit of 644943?
4
What is the thousands digit of 164410?
4
What is the ten thousands digit of 16629601?
2
What is the millions digit of 3196715?
3
What is the tens digit of 12476164?
6
What is the ten thousands digit of 46789?
4
What is the units digit of 8612?
2
What is the ten millions digit of 10803611?
1
What is the ten thousands digit of 223139?
2
What is the ten thousands digit of 958127?
5
What is the hundred thousands digit of 324038?
3
What is the hundreds digit of 594458?
4
What is the hundred thousands digit of 1061782?
0
What is the tens digit of 362518?
1
What is the ten thousands digit of 338601?
3
What is the ten thousands digit of 15729120?
2
What is the thousands digit of 1510020?
0
What is the hundred thousands digit of 3006735?
0
What is the ten thousands digit of 10180245?
8
What is the tens digit of 1666904?
0
What is the ten thousands digit of 7172262?
7
What is the hundred thousands digit of 3571154?
5
What is the hundreds digit of 261781?
7
What is the ten thousands digit of 2745357?
4
What is the units digit of 1301197?
7
What is the hundred thousands digit of 515102?
5
What is the ten thousands digit of 852087?
5
What is the thousands digit of 409969?
9
What is the millions digit of 9592634?
9
What is the ten thousands digit of 250019?
5
What is the hundreds digit of 1407288?
2
What is the thousands digit of 829844?
9
What is the units digit of 410551?
1
What is the hundreds digit of 7771647?
6
What is the thousands digit of 23998?
3
What is the thousands digit of 6494590?
4
What is the ten thousands digit of 443576?
4
What is the thousands digit of 10224975?
4
What is the thousands digit of 2212833?
2
What is the tens digit of 172550?
5
What is the hundreds digit of 1690431?
4
What is the thousands digit of 57651?
7
Wha